3 - o**2 - 2. Let j be q(2). Let h(y) = y**2 + 2. Determine h(j).
6
Let r(c) = c**3 + 3*c**2 + 4*c + 3. Let q be ((-19)/(-3 - -2))/1. Let v = q - 21. What is r(v)?
-1
Let w(u) be the third derivative of -21*u**2 + 0 + 0*u + 1/24*u**4 - 1/6*u**3. Determine w(-5).
-6
Let z(w) = -8*w + 9. Let c(i) = 6*i - 10. Let x(h) = 3*c(h) + 2*z(h). What is x(4)?
-4
Let p(l) = -l**2 - 8*l + 14. Suppose -8*w = -28*w - 240. Calculate p(w).
-34
Suppose 20 = -4*q - 3*r - 8, 2*q + 14 = 2*r. Let o(f) = -4*f + f - 3*f - f**2 + 10 - f. Calculate o(q).
10
Let h be (3 - (-32)/(-6))/(2/(-6)). Let t(x) = -11*x**2 + 5*x + x**2 + 4 + h*x**3 + 7*x**2 - 8*x**3. What is t(-4)?
0
Let q be 2/(-4) + 3/2. Let c be 8 + -3 + q*-2. Let w(z) = 7*z**3 - 3*z**2 - 6*z - 2. Let h(v) = v**3 - v. Let a(j) = 6*h(j) - w(j). What is a(c)?
2
Suppose 2*u = 3*w + 20, 0 = -4*w - u + 4*u - 26. Suppose 159 + 165 = 27*g. Let t(n) = -g*n**3 + n + 9*n**3 - 3 + 2*n**3 + 14 - 8*n**2. Calculate t(w).
3
Let w(l) = -l**2 + 14*l - 8. Suppose 15*y - 12*y = 18. Determine w(y).
40
Let n = -63 - -64. Let y(q) = -38*q + 8*q**2 + 38*q + q**3 + n - 9*q**2. Determine y(1).
1
Let d(z) be the third derivative of -z**5/60 - z**4/24 + z**3/2 + 70*z**2. Calculate d(6).
-39
Let k(p) = p**2 + p + 7. Let t = -214 + 214. What is k(t)?
7
Let o(y) be the first derivative of y**2/2 + y - 22. Let p(g) = -g - 5. Let a be 2/(-3) + 5/(-15). Let h(f) = a*p(f) - 2*o(f). Determine h(4).
-1
Let u(p) = 2*p**2 - 2. Let a(f) = f**3 + 2*f**2 - f + 14. Let y be a(0). Let n = 22 - y. Suppose 0 = -6*z + n + 4. What is u(z)?
6
Suppose 0*w - 2 = -w. Let c be 4 - 3/((-9)/3). Let h(v) = -v**w + v**2 + c*v**2 - 1. Give h(1).
4
Let m(q) = q**3 + 5*q**2 + 4*q + 3. Let u be m(-3). Let g(c) = -c - 2*c - 2*c + u + 6*c. What is g(-4)?
5
Suppose 0 = 5*y + 7 - 22. Let s(t) = t**3 + 0*t**y + 6*t - 4*t**2 + 0 + 10*t**2 - 2. Suppose 4*a = -21 + 1. What is s(a)?
-7
Let o(k) = 4*k + 2. Let j = 0 + 1. Determine o(j).
6
Let a(i) = -i**3 - 5*i**2 - i. Let t(w) = -w**2 + 4*w + 13. Let q be t(5). Let j = 6 - q. Let g be 3/j*(-90)/(-27). What is a(g)?
5
Let h(v) be the third derivative of -v**4/24 - 11*v**3/6 - 5*v**2. Let r(g) = -g**3 - 2*g**2 + g - 6. Let p be r(-3). What is h(p)?
-11
Let h(w) = -6*w**2 - 4*w - 16. Let q(l) = -2*l**2 + 3*l - 1. Let v(j) = h(j) - 4*q(j). Determine v(9).
6
Let d(f) = 3*f + 4. Let g be d(-3). Let p(m) = 98*m**2 - 48*m**2 + 4 - 6*m - 52*m**2. Determine p(g).
-16
Let g(x) be the third derivative of 0 + 1/6*x**3 + 1/24*x**4 + 35*x**2 + 0*x. Calculate g(1).
2
Let q(g) be the first derivative of 0*g - 4/3*g**3 - 1 + 0*g**2. Suppose -4*i + 74 - 70 = 0. Determine q(i).
-4
Let d(z) = -5 - 6 - z + 2. Let t(c) be the third derivative of c**6/120 - c**5/15 + c**4/8 - 4*c**3/3 - 18*c**2. Let h be t(3). Determine d(h).
-1
Let k(j) = -j - 19 + 1 + 9. What is k(-10)?
1
Suppose 4*r + 5 = 5*r. Suppose -3*s - r*j = -9, 2*s - 4*j + 3*j = -7. Let x(c) = 2*c**3 + 3*c**2. Give x(s).
-4
Suppose 0*y + 21 = -y. Let w = y + 23. Let a(f) = -3. Let p(m) = m + 2. Let i(k) = -5*a(k) - 6*p(k). What is i(w)?
-9
Let w(l) be the third derivative of 0 + 1/60*l**5 - 3/2*l**3 + 7/24*l**4 - 19*l**2 + 0*l. What is w(-7)?
-9
Let f(v) = -v**2 + 6*v + 4. Let z(o) = -3*o + 15. Let l be z(7). Let t be 286/39 - (-2)/l. Calculate f(t).
-3
Let n(r) = -r**3 - r - 4. Let g = 28 + -15. Let j(w) = -3 - 10 + 0 - 12*w + w**2. Let o be j(g). Give n(o).
-4
Let i = -5 - -11. Let h(l) = 5*l**3 + 24*l**2 + 28*l - 17. Let q(v) = -2*v**3 - 11*v**2 - 13*v + 8. Let c(d) = 3*h(d) + 7*q(d). Determine c(i).
-1
Suppose -37*a = -27*a + 90. Let t(n) = n**3 + 10*n**2 + 7*n - 13. What is t(a)?
5
Let k(d) = -6*d**2 - 4*d - 4. Let c(h) = h**2. Let x(b) = 5*c(b) + k(b). Suppose 95*n - 3*n + 368 = 0. Determine x(n).
-4
Let b(x) be the first derivative of x**2/2 + x - 8. Give b(-5).
-4
Let d = -6 - -2. Let n(b) be the second derivative of b**5/20 + b**4/3 + b**3/3 + 2*b**2 - 11*b + 8. Calculate n(d).
-4
Let n be 327/4 - (-9)/36. Let d = n - 75. Let j(b) = -b - 9. What is j(d)?
-16
Let h(p) = -1 + 6 + 16*p - 9 + 3. Give h(1).
15
Suppose h + 4 - 7 = 0. Suppose h*z = -2*c - 8, 0*c + 3*c - z - 10 = 0. Let q(n) = 2*n + 1. Determine q(c).
5
Suppose 0 = -18*n - 260 + 242. Let m(j) = 8*j**2 + 1. Calculate m(n).
9
Let x(t) be the first derivative of t**6/120 - 2*t**5/15 + 13*t**2/2 - 13. Let s(w) be the second derivative of x(w). Give s(8).
0
Let i = 7 + -5. Let d be 0 - ((-14)/2 + i). Let p(k) = 3*k + 29. Let l(h) = -13*h - 134. Let o(f) = -2*l(f) - 9*p(f). What is o(d)?
2
Suppose 16*j = a + 12*j - 18, 4*a = -2*j + 18. Let s = -6 - -8. Let o(f) = 3*f + 0*f**2 - 4*f + 6*f**2 + 3 + s - f**3. Determine o(a).
-1
Suppose h + 4 = 0, -5*i - 8 = 4*h - 27. Let v(a) = -1981 - 1986 + 3956 + a. Determine v(i).
-4
Let j be (-3)/(108/8) + (-256)/(-18). Let h(y) = -4 + 1 - j*y + 11*y + 2*y. Determine h(-6).
3
Let f = 5 + -5. Let p(y) = 4*y**2 + 0*y**2 - 3*y**2 - y - 1 + 0*y. Calculate p(f).
-1
Let k(u) = 5 - 5 - u + 4. Let d(s) = s - 5. Let p(n) = 3*d(n) + 4*k(n). Calculate p(-5).
6
Suppose 11 = -3*y - 7. Let h(w) be the first derivative of -w**3/3 - 5*w**2/2 + 5. Calculate h(y).
-6
Let h be 40/4 + -1 - 6. Let o(i) be the second derivative of h*i - 1/2*i**2 + 0 + 1/6*i**3. What is o(3)?
2
Let t(f) = f**3 + 7*f**2 + f + 71. Let u be t(-8). Let v be 3/2*(-4)/(-6). Let p(z) = 4*z + z + 3*z + v. Calculate p(u).
-7
Let c(y) = 5*y**2 + 3. Let s(p) = -p**3 - p**2 + 1. Let o(q) = c(q) - s(q). Calculate o(-6).
2
Suppose 24 = 6*x - 6. Let m be ((-15)/x - -3)/2. Let o(k) be the first derivative of -k**2/2 + 3*k + 1. What is o(m)?
3
Let r(p) be the third derivative of -p**6/120 - p**5/20 + 5*p**4/24 + 2*p**3/3 - p**2 + 39. What is r(-3)?
-11
Let g(d) = -2*d**2 + 9*d + 8. Let p = 351 + -344. Calculate g(p).
-27
Let n(g) be the first derivative of -5/4*g**4 + 13/2*g**2 + 3 - 15*g - 1/3*g**3. Let u(w) = -3*w**3 + 7*w - 8. Let b(x) = 4*n(x) - 7*u(x). Calculate b(3).
-4
Let k(h) = 5*h**3 - 2*h**2 + 17*h + 10. Let s(w) = -4*w**3 + w**2 - 16*w - 10. Let g(f) = 5*k(f) + 6*s(f). Calculate g(6).
-4
Let d(w) = w**3 + 10*w**2 + 9*w - 2. Let b(q) = -q**3 - 4*q**2. Suppose p + 10 = -3*j, j = -4*p + 2 - 9. Let i be b(j). Give d(i).
-2
Let t(q) = -5*q + 10. Let g(m) = -21*m + 41. Let f(w) = -2*g(w) + 9*t(w). Let n(h) = h**2 + 2*h + 40 - 4*h - 34. Let r be n(0). Determine f(r).
-10
Let h(i) = i**3 + 13*i**2 - i + 26. Let a be h(-12). Let y(q) = -a + 3*q**3 + q + 182. Determine y(-1).
-4
Let p(w) = w**3 + 5*w**2 - 3*w. Let r(h) = -5*h**3 - 2*h + 2. Suppose 10 = 12*o - 2*o. Let b be r(o). Determine p(b).
15
Let v(x) = x**3 - 16*x**2 + 19*x - 51. Let l be v(15). Let j(o) be the second derivative of o**3/3 - 5*o**2 + 9*o. Give j(l).
8
Let v(f) = -7 - 7 + 9*f - f**2 + 3*f**2 - 3*f**2 + 10. Determine v(7).
10
Let v(l) be the third derivative of l**5/30 - l**4/4 - l**3 + 18*l**2. Let i(m) = -m - 1. Let x(b) = 6*i(b) - v(b). Give x(-1).
-2
Let i(l) = -6 - 3 + 6*l + 5 + 2. Let u = -43 + 43. Let q be (-5)/(20/(-8)) + u. Give i(q).
10
Let c(q) = 13*q - 17. Let l(u) = 3*u - 4. Let f(a) = -2*c(a) + 9*l(a). Let k(x) = 1. Let m(g) = -f(g) - 2*k(g). Calculate m(0).
0
Let s(p) = 27 + 231*p - 23 - 226*p. Determine s(-2).
-6
Let a be (-158)/(-5) + 9/(-15). Suppose -36*o = -a*o. Let w(p) be the second derivative of -p**5/20 - p**3/6 + 3*p**2 + 4*p. Calculate w(o).
6
Let s(n) = n**2 - 9*n + 6. Let y be s(11). Let q = y - 16. Let w(a) = -a + 9. Let h be w(q). Let p(c) = -c**2 - 4*c - 2. Give p(h).
1
Let h(c) = -c + 21. Let p be h(18). Let z be -12*(p/(-2))/((-18)/(-8)). Let f(q) = q**2 - 9*q + 1. Give f(z).
-7
Let x(c) = -65*c - 41. Let q(g) = 15*g + 10. Let y(a) = 9*q(a) + 2*x(a). What is y(-3)?
-7
Suppose -5*b = -2*g - g - 5, 8 = 2*b. Suppose 5*m - 5*s = -5, -2*s + g = -2*m - 3*m. Let k be (-3 + 7 + -4)/m. Let w(l) = l**3 - l**2 - l + 8. What is w(k)?
8
Let j(w) = -w + 3. Suppose -4*i + 7*h + 294 = 2*h, h = -3*i + 230. Let v be (i/(-57))/(2/9). Give j(v).
9
Let b(u) = -3*u - 3. Let i(a) = -1. Let n(o) = 2*b(o) - 6*i(o). Let k(q) = -q + 1. Let y(t) = -4*k(t) + n(t). What is y(-7)?
10
Let o = 33 + -39. Let n = 2 - o. Let a(l) = -l**3 + 8*l**2 + l - 15. Let u be a(n). Let g(b) = b**3 + 7*b**2 - 1. Calculate g(u).
-1
Let q(m) = 25*m - 8. Let h(u) = 24*u - 7. Let i(y) = 6*h(y)